me factors of 410046.
2, 3, 7, 13, 751
What are the prime factors of 11460364?
2, 2865091
List the prime factors of 606875.
5, 971
List the prime factors of 3706595.
5, 17, 43607
What are the prime factors of 25518459?
3, 8506153
What are the prime factors of 7780799?
13, 487, 1229
List the prime factors of 423861.
3, 17, 8311
What are the prime factors of 538809?
3, 179603
What are the prime factors of 392515?
5, 29, 2707
What are the prime factors of 2363789?
2363789
What are the prime factors of 3801205?
5, 760241
What are the prime factors of 11795502?
2, 3, 43, 131, 349
List the prime factors of 28568691.
3, 23, 79, 1747
List the prime factors of 14231742.
2, 3, 7, 338851
List the prime factors of 3950362.
2, 13, 151937
What are the prime factors of 213853?
79, 2707
What are the prime factors of 2644875?
3, 5, 2351
What are the prime factors of 8917149?
3, 2972383
What are the prime factors of 2576156?
2, 11, 58549
List the prime factors of 16554958.
2, 7, 127, 9311
What are the prime factors of 167332?
2, 11, 3803
What are the prime factors of 8850584?
2, 23, 103, 467
List the prime factors of 25077.
3, 13, 643
What are the prime factors of 26372839?
907, 29077
List the prime factors of 399410.
2, 5, 11, 3631
List the prime factors of 2776787.
13, 213599
List the prime factors of 12925343.
12925343
What are the prime factors of 24141010?
2, 5, 2414101
List the prime factors of 3645236.
2, 7, 211, 617
What are the prime factors of 3099784?
2, 43, 9011
What are the prime factors of 732872?
2, 7, 23, 569
List the prime factors of 6742787.
43, 233, 673
What are the prime factors of 3059922?
2, 3, 211, 2417
List the prime factors of 459618.
2, 3, 76603
List the prime factors of 43391326.
2, 11, 19, 9437
List the prime factors of 6630239.
7, 11, 12301
List the prime factors of 582471.
3, 17, 47
What are the prime factors of 5056290?
2, 3, 5, 61, 307
List the prime factors of 1180672.
2, 1153
List the prime factors of 16135642.
2, 8067821
List the prime factors of 1937894.
2, 7, 149, 929
List the prime factors of 1386692.
2, 31, 53, 211
What are the prime factors of 688717?
688717
List the prime factors of 8215561.
1871, 4391
What are the prime factors of 163827?
3, 109, 167
What are the prime factors of 7696891?
79, 97429
List the prime factors of 37412154.
2, 3, 13, 61, 2621
List the prime factors of 64977.
3, 11, 179
What are the prime factors of 36107245?
5, 7221449
List the prime factors of 140243.
59, 2377
List the prime factors of 138237.
3, 11, 59, 71
List the prime factors of 1621.
1621
List the prime factors of 809364.
2, 3, 67447
What are the prime factors of 2519918?
2, 173, 7283
List the prime factors of 179019.
3, 19891
What are the prime factors of 4855327?
4855327
List the prime factors of 74140.
2, 5, 11, 337
What are the prime factors of 5081654?
2, 37, 43, 1597
List the prime factors of 968411.
19, 50969
What are the prime factors of 3728483?
11, 67, 5059
What are the prime factors of 306296?
2, 38287
What are the prime factors of 4087955?
5, 409, 1999
List the prime factors of 13769.
7, 281
List the prime factors of 1441195.
5, 7, 41177
List the prime factors of 834837.
3, 278279
List the prime factors of 552632.
2, 37, 1867
List the prime factors of 4439778.
2, 3, 7, 37, 2857
List the prime factors of 220414.
2, 191, 577
What are the prime factors of 273077?
7, 5573
List the prime factors of 5435430.
2, 3, 5, 7, 11, 13, 181
What are the prime factors of 142629?
3, 47543
List the prime factors of 113357.
113357
List the prime factors of 29042.
2, 13, 1117
What are the prime factors of 2911766?
2, 11, 13, 10181
List the prime factors of 2414392.
2, 89, 3391
List the prime factors of 127301.
127301
What are the prime factors of 12323705?
5, 347, 7103
What are the prime factors of 1073719?
523, 2053
What are the prime factors of 756766?
2, 61, 6203
List the prime factors of 59939.
11, 5449
List the prime factors of 144506.
2, 72253
List the prime factors of 7989410.
2, 5, 11, 13, 37, 151
What are the prime factors of 122391?
3, 1511
List the prime factors of 65419.
65419
List the prime factors of 1339382.
2, 11, 23, 2647
What are the prime factors of 10684651?
47, 463, 491
List the prime factors of 920794.
2, 7, 89, 739
What are the prime factors of 37172658?
2, 3, 31, 199853
What are the prime factors of 21545661?
3, 7181887
List the prime factors of 486391.
486391
List the prime factors of 513051.
3, 7, 11, 2221
List the prime factors of 1093704.
2, 3, 199, 229
What are the prime factors of 1887042?
2, 3, 19, 16553
List the prime factors of 1440894.
2, 3, 7, 13, 29
List the prime factors of 2954059.
2954059
List the prime factors of 459148.
2, 79, 1453
List the prime factors of 349335.
3, 5, 7, 1109
List the prime factors of 252557.
31, 8147
What are the prime factors of 29345317?
197, 148961
List the prime factors of 11384867.
13, 875759
What are the prime factors of 1484063?
7, 31, 977
List the prime factors of 180929.
7, 25847
List the prime factors of 3442359.
3, 1147453
What are the prime factors of 767370?
2, 3, 5, 25579
List the prime factors of 364247.
13, 28019
List the prime factors of 18544010.
2, 5, 239, 7759
List the prime factors of 149239.
149239
List the prime factors of 76158.
2, 3, 4231
List the prime factors of 1467728.
2, 91733
List the prime factors of 698371.
698371
What are the prime factors of 1725611?
167, 10333
What are the prime factors of 7904492?
2, 251, 7873
What are the prime factors of 804970?
2, 5, 101, 797
List the prime factors of 4414495.
5, 443, 1993
List the prime factors of 567241.
157, 3613
What are the prime factors of 90912?
2, 3, 947
List the prime factors of 507380.
2, 5, 23, 1103
What are the prime factors of 227700?
2, 3, 5, 11, 23
What are the prime factors of 13244129?
43, 308003
List the prime factors of 475523.
475523
What are the prime factors of 1004715?
3, 5, 83, 269
What are the prime factors of 652813?
7, 179, 521
List the prime factors of 449528.
2, 83, 677
List the prime factors of 29023012.
2, 17, 53, 8053
List the prime factors of 95743.
67, 1429
List the prime factors of 2144315.
5, 428863
List the prime factors of 288044.
2, 107, 673
List the prime factors of 549285.
3, 5, 11, 3329
What are the prime factors of 2218186?
2, 419, 2647
List the prime factors of 4904841.
3, 1634947
What are the prime factors of 1065737?
569, 1873
List the prime factors of 644791.
7, 13159
List the prime factors of 255056.
2, 19, 839
List the prime factors of 364753.
364753
What are the prime factors of 2889010?
2, 5, 251, 1151
What are the prime factors of 6372302?
2, 41, 77711
What are the prime factors of 155545?
5, 13, 2393
What are the prime factors of 2821212?
2, 3, 78367
List the prime factors of 23390.
2, 5, 2339
List the prime factors of 1172632.
2, 23, 6373
List the prime factors of 13555005.
3, 5, 73, 12379
What are the prime factors of 459929?
459929
What are the prime factors of 853338?
2, 3, 142223
What are the prime factors of 612489?
3, 204163
What are the prime factors of 910133?
7, 23, 5653
List the prime factors of 3000309.
3, 13, 19, 4049
List the prime factors of 13885436.
2, 3471359
What are the prime factors of 307161?
3, 34129
List the prime factors of 931755.
3, 5, 11, 5647
What are the prime factors of 1186946?
2, 593473
What are the prime factors of 6957894?
2, 3, 1159649
List the prime factors of 5572371.
3, 7, 23, 83, 139
List the prime factors of 11995774.
2, 7, 856841
List the prime factors of 1296029.
7, 17, 10891
List the prime factors of 480483.
3, 197, 271
What are the prime factors of 7866191?
7866191
List the prime factors of 296779.
7, 42397
What are the prime factors of 1458427?
1458427
List the prime factors of 5549894.
2, 7, 59, 6719
List the prime factors of 29122318.
2, 14561159
What are the prime factors of 977255?
5, 241, 811
What are the prime factors of 226668?
2, 3, 13, 1453
List the prime factors of 15303869.
7, 769, 2843
List the prime factors of 4973302.
2, 2486651
List the prime factors of 473020.
2, 5, 67, 353
What are the prime factors of 244594?
2, 7, 17471
What are the prime factors of 3747496?
2, 29, 557
What are the prime factors of 886018?
2, 7, 9041
What are the prime factors of 106042?
2, 37, 1433
What are the prime factor